r of b and q?
13
Let c be 25/2 + 8/(-16). What is the greatest common factor of 132 and c?
12
Suppose 2*p = 7*p. Suppose -2*z + 16 + 0 = -4*m, p = -3*z - 4*m + 4. Calculate the greatest common divisor of z and 44.
4
Let l(p) = -60*p - 15. Let y be l(-4). What is the highest common factor of y and 25?
25
Let j be (-2)/8 - (-6921)/36. Suppose 2*l + 2*l = j. Calculate the highest common factor of l and 6.
6
Let m be 1/(-3 + (-192)/(-63)). Calculate the greatest common divisor of 3 and m.
3
Let i be 2340/91 - (-4)/14. What is the highest common factor of 26 and i?
26
Suppose -2*i + 4 = 0, 6*i + 2 = 5*f + 2*i. Suppose -f*t + 868 = 2*t. Let u = t - 152. Calculate the highest common divisor of 13 and u.
13
Let b(w) = 8 - 20 + 14 - 2*w. Let i be -1 - (2*-2)/(-1). Let r be b(i). What is the highest common factor of 12 and r?
12
Suppose 117 = -4*y + 437. Let t be y/6 + (-1)/3. Calculate the greatest common divisor of t and 39.
13
Let v = 252 + -147. Calculate the greatest common factor of v and 21.
21
Let t = -9 - -31. What is the greatest common divisor of 2 and t?
2
Suppose -3*r - 2*r + 15 = 0. Suppose x - r*a = -6, 46 = 3*x + 5*a + 8. Suppose -129 = -4*v + 87. Calculate the highest common factor of x and v.
6
Let v(o) = 2*o**2 - 5*o + 11. Let b be v(5). What is the greatest common factor of 12 and b?
12
Let n be 91 - (-1 + (3 - 1)). Suppose 8*s - 3*s = n. Let j(f) = -f**3 - f**2 + 4*f - 5. Let g be j(-4). What is the highest common factor of s and g?
9
Let z be ((-72)/15)/((-12)/40). Let f = -4 + z. Calculate the highest common factor of f and 108.
12
Suppose -d = 3*o - 35, 3*d + 0*d = -12. Let x = 18 - o. What is the highest common factor of x and 15?
5
Suppose 41 - 6 = 5*t. Calculate the greatest common factor of t and 35.
7
Suppose 3*l - 252 = 243. What is the highest common factor of 15 and l?
15
Let p(d) = d**3 + 7*d**2 + 3*d - 8. Let b be p(-6). Let l = 2 + 38. Let s be l - 3/1 - -3. What is the greatest common factor of s and b?
10
Suppose 5*v - 87 = 13. Suppose b - 64 = -0*l - 3*l, 0 = -3*l - 15. Suppose -b = -4*z + 41. What is the greatest common divisor of z and v?
10
Let b = 9 + -5. Let j = 18 + -12. What is the greatest common factor of b and j?
2
Suppose 0*i - 4*i - 232 = -4*h, -3*i + 15 = 0. Suppose 4*f - h = 29. What is the highest common factor of f and 115?
23
Let y(d) = -d**2 + 4*d + 2. Let z(w) = -w + 2. Let c be z(-2). Let o be y(c). What is the highest common factor of o and 2?
2
Suppose -4*o + 5 = -5*d + 79, -3*d = 4*o - 70. Let g = d - -2. Let v(s) = -10*s. Let p be v(-5). Calculate the highest common divisor of g and p.
10
Let w(v) = 2 - 4*v**2 + 3*v**3 - 3*v**2 + 6*v - 2*v**3. Let m be w(6). Let l(n) = 2*n - 1. Let p be l(m). What is the greatest common divisor of 21 and p?
3
Let r(k) = 14*k + 8. Let a(j) = -5*j - 3. Let q(f) = -17*a(f) - 6*r(f). Let h be q(0). Let v = 9 + h. Calculate the highest common divisor of v and 3.
3
Suppose -72 + 4 = -3*w + x, w - 4*x - 30 = 0. What is the highest common divisor of w and 110?
22
Suppose -2*l = 3*l - 70. Let n = 10 - 30. Let j = n + 41. Calculate the greatest common factor of l and j.
7
Suppose 2*x + 2 - 8 = 0. Let m(g) = -g**2 - 1. Let q be m(x). Let j be (-15)/q*(1 + 1). Calculate the highest common factor of 15 and j.
3
Let x be (0 - (1 + -3)) + 2. Suppose 0 = 4*w + l - 64, 2*l - 16 = -w + 7*l. What is the greatest common divisor of w and x?
4
Let b = 8 + -13. Let z = b + 21. Calculate the greatest common factor of z and 2.
2
Suppose -186 = -2*r - 4*r. Calculate the greatest common factor of 124 and r.
31
Suppose 5*m - 5*r = 35, -3*r = 2*m + 2*r - 28. Let a = 3 + m. What is the highest common divisor of a and 24?
12
Let w = -13 - -23. Let c(j) = -j**3 + 12*j**2 - 15*j + 14. Let h be c(w). Calculate the highest common factor of h and 8.
8
Suppose -3*a = -4*a. Suppose -m - 4*g + 10 = a, -5*m + 0*g = 2*g - 50. Calculate the greatest common divisor of m and 20.
10
Let j = 18 - 7. Calculate the greatest common factor of j and 55.
11
Let t = 196 - 112. Calculate the highest common factor of 12 and t.
12
Suppose 2*f = 4*f - 16. Let h = -27 - -43. What is the highest common divisor of f and h?
8
Suppose s = 4*q - 9, -q + 0*s - 12 = -5*s. Suppose -4*o = -4*x - 4, -x = 2*o - 4*o + 7. Calculate the highest common factor of q and o.
3
Let c be 0 + (-1 + 5 - 2). Calculate the greatest common divisor of c and 14.
2
Let s(n) = -n**2 - 14*n - 47. Let l be s(-8). Calculate the highest common factor of 4 and l.
1
Suppose -2*v + s = -2*s - 47, 4*v + s = 59. What is the highest common divisor of v and 128?
16
Let t be (-10)/(0 + (-1)/7). Let w(h) = h + 5. Let m be w(9). What is the highest common divisor of m and t?
14
Let z = 47 - 25. What is the greatest common factor of z and 22?
22
Suppose -18*g + 13*g + 55 = 0. Suppose -3*a = 5*t - 61, -2*t = -3*a + 1 - 17. What is the highest common divisor of g and t?
11
Suppose 13 = -6*o + 43. Let d(c) = c**2 - 2*c + 7. Let f be d(o). Calculate the greatest common factor of f and 33.
11
Let s be 0 + 1 + 1 - 65. Let o be (-1228)/(-18) - (-14)/s. Suppose -3*b + 16 = -o. Calculate the greatest common divisor of 70 and b.
14
Suppose 2*i - 1 = 5. Suppose i*h - 185 + 41 = 0. Let a(t) = t**3 - 2*t**2 + 2*t + 2. Let x be a(2). Calculate the greatest common factor of h and x.
6
Suppose -7*q + 80 = -2*q. Let k = q + -10. Suppose -2*c + 16 - k = 0. Calculate the highest common divisor of c and 2.
1
Let d = 82 + 71. What is the greatest common factor of d and 34?
17
Suppose 5*b - 47 = 23. Suppose b = 5*m - 3*m. What is the highest common factor of m and 28?
7
Let n = -228 + 354. Calculate the greatest common factor of 18 and n.
18
Let h(r) = -r**2 + 25*r + 62. Let z be h(27). What is the highest common divisor of 1 and z?
1
Let l = -42 + 46. What is the greatest common factor of l and 2?
2
Suppose 3*b = -b + 8. Let y be (-26)/(-7) - (-4)/14. Suppose 0 = -3*x - 4*k - 1 + 19, -y*x - 2*k + 14 = 0. What is the greatest common factor of x and b?
2
Let w be (212/(-6))/(1/(-3)). Let q = w - 150. Let y be (q/(-5))/((-2)/(-45)). What is the highest common divisor of y and 18?
18
Suppose 5 = 7*w - 163. Calculate the highest common factor of w and 16.
8
Let d be (-81)/(-2)*(-1 - -5). Suppose 5*g = -2*i + 81, d = 5*i - g - 81. Calculate the highest common factor of 12 and i.
12
Suppose -m = 5*u - 315, 3*u - 117 = 3*m + 54. Suppose 4*y - 230 = -u. Calculate the highest common factor of 105 and y.
21
Suppose 0 = -3*a - 5 - 10. Let h be (-2)/a - (-13)/5. Let u(c) = c + 14. Let y be u(19). Calculate the greatest common divisor of y and h.
3
Suppose -3*z + 5*p + 72 = -57, 0 = -2*z + 5*p + 81. Calculate the greatest common factor of 6 and z.
6
Let o be 2/4 - 51/(-2). Suppose -y + 3*y - o = 0. What is the greatest common factor of 117 and y?
13
Suppose -23*m + 70 = -22*m. What is the highest common factor of 28 and m?
14
Suppose 3*r + 152 = 11*r. Calculate the highest common divisor of 152 and r.
19
Suppose 13*y - 91 + 0 = 0. What is the highest common divisor of 77 and y?
7
Let t(y) = 3*y - 4. Let q = 43 + -27. Let u be 4/(-8)*q/(-1). Let n be t(u). Calculate the greatest common factor of n and 100.
20
Let k be (-1)/2 + (-225)/(-18). What is the greatest common factor of 12 and k?
12
Suppose y - 3*u - 59 = 0, u - 43 = -2*y + 40. What is the highest common divisor of 22 and y?
22
Let t = 18 - 14. Suppose -y + 400 = t*y. Calculate the highest common divisor of 10 and y.
10
Let d = 128 - 109. What is the greatest common factor of 95 and d?
19
Let v(m) = m**3 - 4*m**2 - 11*m + 15. Let w be v(6). What is the greatest common factor of 231 and w?
21
Let y = 3 - -5. Let g = 14 + -9. Suppose g*a - 48 = 2*a. What is the greatest common divisor of y and a?
8
Suppose 3*a = -2*a. Let z be 9 - 10 - (a + -9). Calculate the highest common divisor of z and 8.
8
Let u(r) = 13*r**3 - r**2 - r + 1. Let i be u(1). Suppose -n - 56 = -3*w, -5*w - 4*n + n + 84 = 0. Calculate the greatest common factor of w and i.
6
Suppose b - 13 + 8 = 0. What is the highest common divisor of b and 2?
1
Suppose 4*u + 12 = 8*u. Suppose 0 = u*b - 108 + 6. Suppose b = 2*a - h - 3, -2*a + 46 = 2*h. Calculate the highest common factor of 30 and a.
10
Suppose 5*y = 2*a - 86 - 70, 2*a - 3*y = 164. What is the greatest common facto